{"id":23,"date":"2014-12-10T16:31:56","date_gmt":"2014-12-10T16:31:56","guid":{"rendered":"http:\/\/www.osvaldohernandez.de\/web\/?page_id=23"},"modified":"2026-02-24T22:20:04","modified_gmt":"2026-02-24T22:20:04","slug":"referenzen","status":"publish","type":"page","link":"https:\/\/www.osvaldohernandez.de\/web\/?page_id=23","title":{"rendered":"Live Termine"},"content":{"rendered":"\n<figure class=\"wp-block-image size-large\"><a href=\"https:\/\/www.osvaldohernandez.de\/web\/wp-content\/uploads\/2026\/02\/Osvaldo.jpg\"><img decoding=\"async\" loading=\"lazy\" width=\"1024\" height=\"701\" src=\"https:\/\/www.osvaldohernandez.de\/web\/wp-content\/uploads\/2026\/02\/Osvaldo-1024x701.jpg\" alt=\"\" class=\"wp-image-338\" srcset=\"https:\/\/www.osvaldohernandez.de\/web\/wp-content\/uploads\/2026\/02\/Osvaldo-1024x701.jpg 1024w, https:\/\/www.osvaldohernandez.de\/web\/wp-content\/uploads\/2026\/02\/Osvaldo-300x205.jpg 300w, https:\/\/www.osvaldohernandez.de\/web\/wp-content\/uploads\/2026\/02\/Osvaldo-768x526.jpg 768w, https:\/\/www.osvaldohernandez.de\/web\/wp-content\/uploads\/2026\/02\/Osvaldo-1536x1052.jpg 1536w, https:\/\/www.osvaldohernandez.de\/web\/wp-content\/uploads\/2026\/02\/Osvaldo.jpg 2048w\" sizes=\"(max-width: 1024px) 100vw, 1024px\" \/><\/a><\/figure>\n\n\n<ul>\n<li><strong>2026<\/strong><\/li>\n<li>21.11 Encuentro Quintett , L\u00f6hrerhof ,H\u00fcrth.<\/li>\n<li>10.10 Swinging Voices Chor meet Trio Encuentro, Verl.<\/li>\n<li>27.9 Encuentro Quintett.<\/li>\n<li>13.9 Lieselotte Duo, Breidenbach.<\/li>\n<li>12.9 Encuentro Quintett.<\/li>\n<li>30.8 Trio Peter, Dortmund.<\/li>\n<li>21.8 Sonando Trio Summer Party, Blomberg.<\/li>\n<li>11.7 \u00a0Spanische Nacht , Sende.<\/li>\n<li>19.6 Sonando , Lions Club ,Verl.<\/li>\n<li>5.6 Lieselotte Trio.<\/li>\n<li>26.5 Encuentro Trio.<\/li>\n<li>14.5 Lieselotte Trio, Halle.<\/li>\n<li>12.5 Encuentro Quintett, Haus f\u00fcr Familien-Campus, Kempen.\u00a0<\/li>\n<li>8.5 Encuentro Quintett, Jazz Circle e.V, Viersen.<\/li>\n<li>3.5 Lieselotte Trio .<\/li>\n<li>30.4 Encuentro Quintett, Tanz in den Mai, Dinslaken.<\/li>\n<li>12.4 Lieselotte Trio.<\/li>\n<li>22.3 Seven Strings , Haus Werther .<\/li>\n<li>15.3 Seven Strings ,Harsewinkel.<\/li>\n<li>13.3 Duo Sonando, Bad Salzuflen.<\/li>\n<li>25.2 Duo Sonando , Chimichurri Argentinische Restaurant, Dotrmund.<\/li>\n<li>16.2 Lieselotte Trio, Grundschule kachtenhausen, Lage.<\/li>\n<li><span style=\"font-size: revert;\">8.2 Sonando Trio , Schumacher Museum Hagen. <\/span><span style=\"font-size: revert;\">\u00a0 \u00a0 \u00a0<\/span><\/li>\n<\/ul>\n<p><strong>2025<\/strong> \u00a0 \u00a0 \u00a0<\/p>\n<ul>\n<li>27.12 Cuerdas Magicas , Reha Klinik.<\/li>\n<li>26.12 Cuerdas Magicas , Reha Klinik.<\/li>\n<li>25.12 Cuerdas Magicas , Reha Klinik.<\/li>\n<li>14.12 Cuerdas Magicas \u00a0Neue Schmiede, Bielefeld.<\/li>\n<li>5.12 Encuentro Herten.<\/li>\n<li>22.11 Momo\u00b4s Trio Reha Klinik.<\/li>\n<li>16.11 Taquinay Kultur Forum Schlo\u00df Holte .<\/li>\n<li>15.11 Taquinay Vers\u00f6nungskirche Schlo\u00df Holte.<\/li>\n<li>8.11 Taquinay Werther.<\/li>\n<li>2.11 Sonando Trio Reha Klinik.<\/li>\n<li>24.10 Encuentro Quintett, Herten .<\/li>\n<li>4.10 \u00a0Sonando Trio Reha Klinik, Bad Driburg<\/li>\n<li>21.9 Lieselotte Neue Schmiede \u00a0Bielefeld\u00a0<\/li>\n<li>12.9 Cuerdas Magicas, Paderborn. (gecancelt)<\/li>\n<li>7.9 Encuentro Trio Werther\u00a0<\/li>\n<li>29.8 Sonando Quartett bei Charlie, Schlo\u00df Holte Hbf.<\/li>\n<li>24.8 Duo Osvaldo &amp; Jonas Bethel<\/li>\n<li>16.8 Encuentro Quintett, Haus Witten\u00a0<\/li>\n<li>16.7 Lieselotte Kasselbrink Bielefeld<\/li>\n<li>12.7 Spanische Nacht Abendmark Holter Kirchplatz Schlo\u00df Holte.<\/li>\n<li>6.7 Alexander Cuesta Band.<\/li>\n<li>27.6 Sonando, Summervibes Verl.\u00a0<\/li>\n<li>26.6 Momo\u00b4s duo Chimichurri Dortmund.<\/li>\n<li>22.6 Sonando Dortmund.<\/li>\n<li>21.6 Sonando Quintett , Hattingen.<\/li>\n<li>14.6 Frida Kahlo Lesung\u00a0<\/li>\n<li>31.5 Duo Latino bei Amicci, Bielefeld.<\/li>\n<li>16.5 Sonando Schwelm ( Gecancelt)<\/li>\n<li>9.5 Quinteto Pachanga, D\u00fcsseldorf.<\/li>\n<li>6.6 Trio latino <span style=\"font-size: revert;\">WEINSCHW\u00c4RMEREI Langenberg<\/span><\/li>\n<li>2.5 Sonando Quartett, Schlo\u00df Holte, bei Charlie.<\/li>\n<li>30.4 Duo Latino bei Caf\u00e9 Tropical, Bielefeld.<\/li>\n<li>6.4 Seven on Strings Werther\u00a0<\/li>\n<li>30.3 Seven on Strings G\u00fctersloh<\/li>\n<li>26.3 Giulia\u00b4s Trio, Dortmund<\/li>\n<li>14.3 Sonando Duo , Leopoldsh\u00f6he<\/li>\n<li>23.2 Cuerdas M\u00e1gicas Bielefeld\u00a0<\/li>\n<li>31.1 Kubanische Festival Seis del Son D\u00fcsseldorf<\/li>\n<li>20.1 Lieselotte Trio Edith Stein Schule G\u00fctersloh<\/li>\n<li>19.1 Cuerdas M\u00e1gicas Matin\u00e9 Bad Meinberg\u00a0<\/li>\n<li>17.1 Clave de Dos, Leopoldsh\u00f6he.<\/li>\n<\/ul>\n<p><strong>2024<\/strong><\/p>\n<ul>\n<li>26.12 Cuerdas M\u00e1gicas Reha Klinik Bad Driburg.<\/li>\n<li>17.12 Encuentro Duo Caf\u00e9 Tropical, Bielefeld.<\/li>\n<li>16.12 Weihnachtkonzert Stadthalle G\u00fctersloh.<\/li>\n<li>12.12 Jekitts Konzert.\u00a0<\/li>\n<li>30.11 Encuentro Duo Reha Klinik Bad Driburg.<\/li>\n<li>28.11 Encuentro Duo Sozialdienst Katholische Frau.<\/li>\n<li>15.11 Sch\u00fcler Konzert Katholische Schule Schlo\u00df Holte.<\/li>\n<li>10.11 Cuerdas M\u00e1gicas Reha Klinik Bad Meinberg.\u00a0<\/li>\n<li>15.09 Lieselotte Trio Leopoldsh\u00f6he.<\/li>\n<li>14.09 Sch\u00fcler Konzert Kulturforum Schlo\u00df Holte.<\/li>\n<li>8.09 Rock Pop Workshop und Konzert G\u00fctersloh.<\/li>\n<li>7.09 Rock pop Workshop G\u00fctersloh.<\/li>\n<li>29.08 Sohn of Schildesche bei Marimba Musikinstrumente, Bielefeld.<\/li>\n<li>25.08 Sonando Bonn.<\/li>\n<li>17.08 Sonando Trio Schlo\u00df Holte.<\/li>\n<li>10.08 Sonando Schwerter.<\/li>\n<li>27.07 Lesung mit Grit Asperger bei Caf\u00e9 Cup Detmold<\/li>\n<li>10.07 Lieselotte Ukulele Workshop und Konzert Lemgo.\u00a0<\/li>\n<li>5.07 Duo Osvaldo Hern\u00e1ndez &amp; Jonas Mul\u00e9n Abendmark Holter Kirchplatz Schlo\u00df Holte.<\/li>\n<li>22.06 Summer Konzert Musikschule Harsewinkel.<\/li>\n<li>21.06 Summer Vives Lionsclub Verl.<\/li>\n<li>15.06 Sonando Trio G\u00fctersloh.<\/li>\n<li>15.06 Lieselotte duo Bielefeld.<\/li>\n<li>9.06 Cuerdas Magicas Schlo\u00df Hamborn.<\/li>\n<li>20.05 Encuentro &amp; Gast Kulturforum Schlo\u00df Holte.<\/li>\n<li>16.05 Encuentro &amp; Gast Werkstatt Konzert\u00a0<\/li>\n<li>11.05 Encuentro &amp; Gast Haus Werther<\/li>\n<li>5.05 Cuerdas M\u00e1gicas\u00a0<\/li>\n<li>28.04 Seven on Strings Haus Werther.<\/li>\n<li>21.04 Cuerdas M\u00e1gicas Bad Sassendorf.<\/li>\n<li>20.04 Seven on Strings G\u00fctersloh.<\/li>\n<li>19.04 Encuentro &amp; Gast Werkstatt Konzert\u00a0<\/li>\n<li>14.04 Cuerdas Magicas Matin\u00e9 Konzert Bad Meinberg.<\/li>\n<li>13.04 Clave de Dos \u00a0Fotostudio Osmaro Hanses , Noche Latina.<\/li>\n<li>17.03 Duo Encuentro Evangelisches Klinikum Bethel GmbH<\/li>\n<li>10.03 \u00a0 Frida Kahlo Lesung bei Soroptimist International Deutschland Club Paderborn\u00a0<\/li>\n<li>\u00a03.03. Lieselotte Quetschkommode-Schmiede Bielefeld.<\/li>\n<li>\u00a01.03 Sonando Trio Weinschw\u00e4rmerei in Langenberg.<\/li>\n<li>25.02 Cuerdas M\u00e1gicas Schlo\u00df Hamborn.<\/li>\n<li>17.02 Duo SOn de Dos \u00a0Caf\u00e9 Tropical Bielefeld.\u00a0<\/li>\n<li>11.02 Cuerdas Magicas Bad Meinberg.<\/li>\n<li>\u00a03.02 B\u00fcrgerpark Demo Konzert Schlo\u00df Holte.<\/li>\n<li>21.01 Cuerdas Magicas Bad Meinberg.<\/li>\n<li>\u00a0 8.01 Oscar Verleihung G\u00fctersloh .<\/li>\n<\/ul>\n<p><strong>2023<\/strong> \u00a0 \u00a0 \u00a0 \u00a0 \u00a0 \u00a0 \u00a0 \u00a0 \u00a0 \u00a0 \u00a0 \u00a0 \u00a0 \u00a0 \u00a0 \u00a0\u00a0<\/p>\n<ul>\n<li>18.12 Weihnachtskonzert , Stadthalle G\u00fctersloh.<\/li>\n<li>16.12\u00a0Lieselotte Quetschkommode Trio, Radio Bielefeld.<\/li>\n<li>15.12\u00a0Lieselotte Quetschkommode Trio, Werther.<\/li>\n<li>10.12\u00a0Cuerdas Magicas, Neue-Schmiede Bielefeld.<\/li>\n<li>3.12\u00a0Cuerdas Magicas, Bielefeld.<\/li>\n<li>\u00a02.12 Gitarren Workshop, Werther.<\/li>\n<li>19.11 Taquinay ,\u00a0Kultur Forum Schlo\u00df Holte.\u00a0<\/li>\n<li>18.11 Taquinay Vers\u00f6hnungskirche , Schlo\u00df Holte.<\/li>\n<li>\u00a08.11\u00a0Cuerdas Magicas, Rheda Wiedenbr\u00fcck.<\/li>\n<li>29.10 Cuerdas Magicas,\u00a0<\/li>\n<li>28.10 Seven on String , Kultur Forum Schlo\u00df Holte.\u00a0<\/li>\n<li>27.10 Sonando Quartett, Kulturwekstatt Paderborn.<\/li>\n<li>22.10 Seven on String , Haus Werther.<\/li>\n<li>24.09 Sonando open Air, Stiftmarkt \u00a0Bielefeld.<\/li>\n<li>23.09\u00a0Rock-Pop Workshop, G\u00fctersloh.<\/li>\n<li>22.09 Rock-Pop Workshop, G\u00fctersloh.<\/li>\n<li>14.09\u00a0H\u00f6ren Gehen, Theather G\u00fctersloh.<\/li>\n<li>13.09 H\u00f6ren Gehen, Theather G\u00fctersloh.<\/li>\n<li>10.09\u00a0Ernestine Klang Fresser, Schlo\u00df Holte.<\/li>\n<li>\u00a03.09 Ernestine Klang Fresser, Steinhagen.<\/li>\n<li>1.09\u00a0Lieselotte Quetschkommode Trio, L\u00f6hne-Mennigh\u00f6ffe Kita.<\/li>\n<li>27.08\u00a0Lieselotte Quetschkommode Trio, Kita Minden.<\/li>\n<li>25.08 Encuentro Trio, Lemgo Museum.<\/li>\n<li>20.08 Cuerdas Magicas, Schlo\u00df Hamborn.<\/li>\n<li>18.08 Birol Quartett, AWO G\u00fctersloh.<\/li>\n<li>13.08\u00a0Lieselotte Quetschkommode Duo, Thessen.<\/li>\n<li>6.08 \u00a0Lieselotte Quetschkommode Duo, Schlo\u00df Holte.<\/li>\n<li>2.07 \u00a0Lieselotte Quetschkommode Duo, Raden- Minden.<\/li>\n<li>25.06 Lieselotte Quetschkommode Trio, Iserlohn.<\/li>\n<li>24.06 Sonando, Versohnungskirsche Schlo\u00df Holte.<\/li>\n<li>23.06 Sonando, Lions Club Veranstaltung . Verl<\/li>\n<li>20.06 Sonando Bethel, Bielefeld.<\/li>\n<li>18.06 Lieselotte Quetschkommode , G\u00fctersloh.<\/li>\n<li>16.06 Sonando ,Hattingen.<\/li>\n<li>7.06 Lieselotte Quetschkommode Senne.<\/li>\n<li>4.06 Musikschulfest G\u00fctersloh .<\/li>\n<li>3.06 Lieselotte Quetschkommode, \u00a0Mannheim.<\/li>\n<li>2.06\u00a0Lieselotte Quetschkommode, \u00a0Mannheim.<\/li>\n<li>1.06\u00a0Lieselotte Quetschkommode, \u00a0Mannheim.<\/li>\n<li>25.05 Duo Encuentro, Bielefeld.<\/li>\n<li>30.04 Cuerdas Magicas , Bad Meimberg.<\/li>\n<li>23.04 Cuerdas Magicas , Bad Leppspringen.<\/li>\n<li>21.04 Lieselotte Quetschkommode, L\u00fcnen.<\/li>\n<li>30.03 Astrid Schwarmtr\u00e4llern, Cantina Bielefeld.<\/li>\n<li>17.02 Lieselotte Quetschkommode, Kloster Schuler Bielefeld.<\/li>\n<li>12.02 Lieselotte Quetschkommode Trio, Neue Schmiede Bielefeld.<\/li>\n<\/ul>\n<p>2022<\/p>\n<ul>\n<li>21.12 Lieselotte Quetschkommode Kita Bielefeld.\u00a0<\/li>\n<li>19.12 Weihnachtskonzert Gitarren Ensemble, Stadthalle G\u00fctersloh.\u00a0<\/li>\n<li>9.12 Clave de Dos Duo, Weihnachtsmarkt Versmold.<\/li>\n<li>26.11 Lieselotte Quetschkommode Duo, Weihnachtsmarkt G\u00fctersloh.<\/li>\n<li>\u00a020.11 Taquinay Konzert. Kultur Forum, Schlo\u00df Holte.<\/li>\n<li>\u00a019.11 Taquinay Konzert. Vers\u00f6hnungs Kirsche Schlo\u00df Holte.<\/li>\n<li>\u00a0 5.11 Sch\u00fcler Konzert ,Schlo\u00df Holte. Kulturforum.<\/li>\n<li>\u00a0 13.10\u00a0Lieselotte Quetschkommode Bad Hersfeld.<\/li>\n<li>\u00a0 24.9\u00a0Macondito (Salsa Band) Dortmund.<\/li>\n<li>\u00a0 18.9\u00a0Lieselotte Quetschkommode trio, Leopoldsh\u00f6he.<\/li>\n<li>\u00a0 17.9 Macondito (Salsa Band) \u00a0Dortmund.<\/li>\n<li>\u00a0 16.9 Quintett Miguel , Herne.<\/li>\n<li>\u00a0 4.9 Encuentro Quartett , Teather G\u00fctersloh.<\/li>\n<li>\u00a0 2.9 Encuentro Quartett , Hattingen.<\/li>\n<li>\u00a0 31.8 Encuentro Quartett , Kasselbrink Bielefeld.<\/li>\n<li>\u00a0 \u00a028.8 Encuentro Quartett \u00a0Werther.<\/li>\n<li>\u00a0 27.8 Encuentro Quartett Kultur Forum Schlo\u00df Holte.<\/li>\n<li>\u00a0 25.8 Sonando Trio, Sohn of Schildesche Bielefeld.<\/li>\n<li>\u00a0 20.8.\u00a0Sonando Jazz Club Bergkirschen.<\/li>\n<li>\u00a0 19.8 Sonando Jazz Club Bielefeld.<\/li>\n<li>\u00a0 14.8\u00a0Lieselotte Quetschkommode Gottingen.<\/li>\n<li>\u00a0 13.8 Miguel Quintett , Herne.<\/li>\n<li>\u00a0 4.8.\u00a0Lieselotte Quetschkommode Schweicheln.<\/li>\n<li>\u00a0 30.7\u00a0Clave de Dos. Libori,Paderborn. Bei El Ching\u00f3n.\u00a0<\/li>\n<li>\u00a0 24.7\u00a0Lieselotte Quetschkommode Rietberg Gartenschau.<\/li>\n<li>\u00a0 23.7 Clave de Dos. Libori,Paderborn. Bei El Ching\u00f3n<\/li>\n<li>\u00a0 20.7\u00a0Lieselotte Quetschkommode Kasselbrink Trio.<\/li>\n<li>\u00a0 13.7 \u00a0Lieselotte Quetschkommode Schlo\u00df Holte.<\/li>\n<li>\u00a0 10.7 \u00a0Lieselotte Quetschkommode Espelkamp.<\/li>\n<li>\u00a0 25.6\u00a0Lieselotte Quetschkommode Hagen.<\/li>\n<li>\u00a0 19.6\u00a0Lieselotte Quetschkommode Herdford.<\/li>\n<li>\u00a0 11.6 Gitarren workshop, Werther.<\/li>\n<li>\u00a0 28.5 Glorreiche 7, \u00a0Kultur Forum Schlo\u00df Holte.<\/li>\n<li>\u00a0 22.5 Glorreiche 7, Musikschule f\u00fcr den Kreis G\u00fctersloh.<\/li>\n<li>\u00a0 21.5 Glorreiche 7 , Werther.<\/li>\n<li>\u00a0 21.5 Encuentro Quartett, 200 jahre Schlo\u00df Jubil\u00e4um ,Schlo\u00df Holte.<\/li>\n<li>\u00a0 18.5\u00a0Lieselotte Quetschkommode.<\/li>\n<li>\u00a0 15.5\u00a0Lieselotte Quetschkommode, K\u00f6ln.<\/li>\n<li>\u00a0 11.5\u00a0Lieselotte Quetschkommode.<\/li>\n<li>\u00a0 4.5 Lieselotte Quetschkommode.<\/li>\n<li>\u00a0 3.4 Taquinay Konzert<\/li>\n<li>\u00a0 2.4 Taquinay Konzert<\/li>\n<li>\u00a026.3 Gitarren workshop, Werther.<\/li>\n<li>\u00a011.3 Frieden Konzert , G\u00fctersloh.<\/li>\n<\/ul>\n<p>2021<\/p>\n<ul>\n<li>\u00a0 7.11\u00a0Taquinay Quintett, Kulturforum Schlo\u00df Holte.<\/li>\n<li>\u00a0 6.11 Taquinay Quintett, Kulturforum Schlo\u00df Holte.<\/li>\n<li>30.10 Taquinay Quintett, Vers\u00f6hnungskirsche Schlo\u00df Holte.<\/li>\n<li>\u00a0 3.10 \u00a0Lieselotte Quetschkommode, Neue Schmiede Bielefeld.<\/li>\n<li>19.09 Lieselotte Quetschkommode, Bielefeld.<\/li>\n<li>18.09\u00a0Lieselotte Quetschkommode, G\u00f6ttingen.<\/li>\n<li>28.08 Lieselotte Quetschkommode, Bielefeld.<\/li>\n<li>27.08 Seis del Son , Dortmund.<\/li>\n<li>25.08 Duo Encuentro , G\u00fctersloh.<\/li>\n<li>14.08 Sonando Quartett, Bergkirschen.<\/li>\n<li>13.08 Clave de Dos Bad, Bad Rothenfelde.<\/li>\n<li>\u00a0 7.08 Clave de Dos Bielefeld.<\/li>\n<li>\u00a0 2.07 Lieselotte Trio, Kita in Heeppen.<\/li>\n<li>18.06 Encuentro Trio, G\u00fctersloh.<\/li>\n<li>\u00a0 4.06 \u00a0Lieselotte Quetschkommode Trio, Stadtfest Herdford.<\/li>\n<li>28.05 Lieselotte Quetschkommode Trio, Kita Bielefeld.<\/li>\n<\/ul>\n<p>\u00a02020<\/p>\n<ul>\n<li>18.09 Encuentro Duo,\u00a0 G\u00fctersloh<\/li>\n<li>29.08. &#8218;Spanischer Abend&#8216;, Restaurant Vielfalt, Harsewinkel<\/li>\n<li>06.08 Sonando 6to ,Duisburg.<\/li>\n<li>01.08. Sommerkonzert, Bergkirchen<\/li>\n<li>04.07 Sonando Trio, Casalfonso, Schlo\u00df Holte-Stukenbrock<\/li>\n<li>29.05. ENCUENTRO Duo, Lemgo<\/li>\n<li>25.04. Kulturwerkstadt Paderborn<\/li>\n<li>28.03 Lieselotte Trio, Rheda-Wiedenbr\u00fcck<\/li>\n<li>29.02. &#8218;Musik f\u00fcr die Sinne&#8216;, Haus Werther, Lehrerkonzert<\/li>\n<li>28.02 Encuentro Trio, Schenkenhof G\u00fctersloh<\/li>\n<li>22.02 Sonando Trio Casalfonso Schlo\u00df Holte-Stukenbrock<\/li>\n<li>14+15.02 Clave de DOs duo Momentos,Werther<\/li>\n<li>04.01. Casa Alfonso, Schlo\u00df Holte-Stukenbrock, Sonando Trio<\/li>\n<\/ul>\n<p>2019<\/p>\n<ul>\n<li>06.12. Weihnachtsmarkt Detmold, Lieselottes Quetschkomode<\/li>\n<li>30.11. Weinfest Steinhagen, Clave de Dos<\/li>\n<li>16.+17.11. &#8218;Jazz, Klassik, Tangos&#8216;, Kulturforum am Altenkamp, Taquinay, Schlo\u00df Holte<\/li>\n<li>09.+10.11. Hochzeitsmesse, Gerry Weber Event Center, Halle (Westf.)<\/li>\n<li>08.11. 30-j\u00e4hriges Jubil\u00e4um, B\u00fcndnis 90 \/ Die Gr\u00fcnen, Schlo\u00df Holte<\/li>\n<li>02.11. Marienkapelle, Verl<\/li>\n<li>28.09. Neue Schmiede, CD-Deb\u00fct Lieselottes Quetschkomode, Bethel<\/li>\n<li>23.09. Wiederer\u00f6ffnung Steigenberger Grandhotel Petersberg, K\u00f6nigswinter<\/li>\n<li>12.09. Wohnzimmerkonzert, Verl, Encuentro<\/li>\n<li>31.08. Stadtfest, Hattingen, Sonando<\/li>\n<li>24.08. Sommerkonzert, Bergkirchen, Sonando<\/li>\n<li>17.08. Spanische Nacht, Vielfalt, Harsewinkel, Clave de Dos<\/li>\n<li>03.08. El Ching\u00f3n (Libori), Paderborn, Clave de Dos<\/li>\n<li>29.06. &#8218;Tango &amp; Kuba&#8216;, Kulturforum am Altenkamp, Schlo\u00df Holte<\/li>\n<li>07.06. Abendmarkt, Schlo\u00df Holte<\/li>\n<li>24.05. Lette Heimathaus, ENCUENTRO Trio<\/li>\n<li>06.04. Filmuseum D\u00fcsseldorf<\/li>\n<li>30.03. Weinfest Steinhagen, Clave de Dos<\/li>\n<li>07.02. Brauhaus G\u00fctersloh, ENCUENTRO Trio<\/li>\n<li>11.01. Jazzclub Bielefeld, Sonando<\/li>\n<\/ul>\n<p>2018<\/p>\n<ul>\n<li>24.+25.11.\u00a0&#8218;Jazz, Klassik, Flamenco&#8216;, Kulturforum am Altenkamp<\/li>\n<li>02.08. Jazzclub Bielefeld, Sonando<\/li>\n<li>29.07. Bad Pyrmont, Lieselottes Quetschkomode<\/li>\n<li>12.+13.05. &#8218;Tango, Klassik, Jazz&#8216;, Kulturforum am Altenkamp<\/li>\n<li>21.03. Jazzclub Bielefeld, Sonando<\/li>\n<li>14.02. Festival Kubaneando, K\u00f6ln Philarmonie<\/li>\n<li>05.02. Jaques Weindepot, Bielefeld<\/li>\n<\/ul>\n<p>bis 2017<\/p>\n<ul>\n<li>05.11.2017 &#8218;Tango, Klassik, Jazz&#8216;, ENCUENTRO Quintett, Kulturforum am Altenkamp<\/li>\n<li>12.10.2017 Wohnzimmerkonzert, Verl<\/li>\n<li>27.08.2017 Kuba-Party beim Morsbroicher Sommerwochenende, Leverkusen<\/li>\n<li>Februar 2016 Tour mit Habana Super Q (Musiker von Buena Vista Social Club)<\/li>\n<li>2015 Karneval der Kulturen, Bielefeld, Kesselbrink, Sonando<\/li>\n<li>2006 Int. Feuerwerkswettbewerb, Herrenh\u00e4user G\u00e4rten, Hannover,<\/li>\n<li>2005 La Gala (K\u00fcnstleragentur, K\u00f6ln), Kubanischer Sommer, Bodrum, T\u00fcrkei<\/li>\n<li>2004 Deutsche Salsa-Meisterschaft 2004 Cogress-Centrum Hannover<\/li>\n<\/ul>\n\n\n<p><\/p>\n","protected":false},"excerpt":{"rendered":"<p>2026 21.11 Encuentro Quintett , L\u00f6hrerhof ,H\u00fcrth. 10.10 Swinging Voices Chor meet Trio Encuentro, Verl. 27.9 Encuentro Quintett. 13.9 Lieselotte Duo, Breidenbach. 12.9 Encuentro Quintett. 30.8 Trio Peter, Dortmund. 21.8&hellip; <\/p>\n","protected":false},"author":1,"featured_media":14,"parent":0,"menu_order":2,"comment_status":"closed","ping_status":"closed","template":"","meta":{"footnotes":""},"_links":{"self":[{"href":"https:\/\/www.osvaldohernandez.de\/web\/index.php?rest_route=\/wp\/v2\/pages\/23"}],"collection":[{"href":"https:\/\/www.osvaldohernandez.de\/web\/index.php?rest_route=\/wp\/v2\/pages"}],"about":[{"href":"https:\/\/www.osvaldohernandez.de\/web\/index.php?rest_route=\/wp\/v2\/types\/page"}],"author":[{"embeddable":true,"href":"https:\/\/www.osvaldohernandez.de\/web\/index.php?rest_route=\/wp\/v2\/users\/1"}],"replies":[{"embeddable":true,"href":"https:\/\/www.osvaldohernandez.de\/web\/index.php?rest_route=%2Fwp%2Fv2%2Fcomments&post=23"}],"version-history":[{"count":46,"href":"https:\/\/www.osvaldohernandez.de\/web\/index.php?rest_route=\/wp\/v2\/pages\/23\/revisions"}],"predecessor-version":[{"id":342,"href":"https:\/\/www.osvaldohernandez.de\/web\/index.php?rest_route=\/wp\/v2\/pages\/23\/revisions\/342"}],"wp:featuredmedia":[{"embeddable":true,"href":"https:\/\/www.osvaldohernandez.de\/web\/index.php?rest_route=\/wp\/v2\/media\/14"}],"wp:attachment":[{"href":"https:\/\/www.osvaldohernandez.de\/web\/index.php?rest_route=%2Fwp%2Fv2%2Fmedia&parent=23"}],"curies":[{"name":"wp","href":"https:\/\/api.w.org\/{rel}","templated":true}]}}